econd derivative of -l**4/12 - l**3/6 - 4*l**2 - 3*l - 1. What is x(w)?
-8
Let z(x) = -4*x - 15. Let l(w) = w**3 - 8*w**2 - 21*w + 16. Let a be l(10). Calculate z(a).
-39
Let b(j) = -2*j**2 + j + 10. Suppose 0 = 5*f + 2*d + 13, -78*f = -82*f + 2*d - 14. Calculate b(f).
-11
Let x(w) = -2*w**2 - 5*w + 5. Let v be x(-3). Let b(a) = 258 - 3*a**v - 258 + a. Suppose -2*k - 3 = 1. Give b(k).
-14
Let h(b) = -359*b**3 - 3*b + 725*b**3 - 2 + 5*b**2 - 367*b**3. Let t be 0 + (1 + -2 - 0). Let a = 3 - t. Calculate h(a).
2
Let l(b) = -4*b**2 - 6*b + 6. Let f be 248/(-3224) + (-2)/(-26). Calculate l(f).
6
Let o(m) = -16*m**3 + 10*m**2 - 5*m + 1. Let u(w) = 75*w**3 - 49*w**2 + 26*w - 7. Let q(j) = 14*o(j) + 3*u(j). Determine q(5).
-17
Let z(r) be the first derivative of -4*r**2 + 27 - 7*r + 1/4*r**4 - 2*r**3. Give z(7).
-14
Let u(l) = -9*l**2 - l - 1. Let f = -774 + 777. Calculate u(f).
-85
Let k(g) be the third derivative of g**5/60 - g**4/24 - 13*g**3/6 - 4*g**2 - 361. Calculate k(6).
17
Let q(h) = 4*h - 1 - 3*h - 5. Let c be (-26)/4 + (-3)/2. Let o be (-39 + 38)/(1/c). Calculate q(o).
2
Let i(l) = -21*l**3 + 2*l**2 - 2*l + 1. Suppose 64*j - 68 = -4*j. Calculate i(j).
-20
Let c = 18771 + -18782. Let b(n) = -5*n + 13. Determine b(c).
68
Let r(k) be the third derivative of -k**4/12 + 13*k**3/2 - k**2 - 2092. Determine r(13).
13
Let w(q) = -q**3 - 6*q**2 + 6*q. Let t = 2059 - 2066. What is w(t)?
7
Let a(l) be the second derivative of -l**5/20 + l**4/4 - 2*l**3/3 + 5*l**2/2 - 4413*l. What is a(2)?
1
Let k(m) be the second derivative of m**3/6 + 13*m**2/2 - 6*m - 169. What is k(-28)?
-15
Let b = -153 - -160. Let u(g) = 4*g**2 + 0*g**2 + 3*g**2 + b*g**2. Determine u(-1).
14
Let y(z) be the first derivative of -z**3/3 - 7*z**2 + 25*z - 4549. Give y(-18).
-47
Let o(z) = 16*z + 17*z - 107*z + 67*z - 9. Give o(4).
-37
Suppose 9*d + 4*m + 80 = 0, -9*d = -10*d - 5*m - 18. Let q(c) = 2*c**2 + 19*c + 19. Determine q(d).
-5
Let h(b) = b + 17. Suppose 4*v - 14 = -3*c, 3*v - 71*c + 67*c = 23. What is h(v)?
22
Let f(w) = 4*w**2 + 12*w + 9. Let v be f(-7). Let q = 125 - v. Let j(r) = 2 + 8*r - 5 - 4 - 7*r. What is j(q)?
-3
Let l(g) = -8*g - 29. Let s(h) = -h**3 - 66*h**2 + 47*h - 1343. Let v be s(-67). Determine l(v).
-5
Suppose 2*x + 21 = -3*h + 19, 3*x = 2*h + 23. Let r(y) = 2*y**3 - 10*y**2 + y - 4. Give r(x).
1
Let j(m) = -6 + 5*m + 5*m - 2*m. Suppose -t - 35 = -2*h + 45, -4*h + 3*t = -162. Let u be (-12)/27*-12 - 52/h. Calculate j(u).
26
Suppose 0 = r + 3 - 2. Let l be (6/(-4))/(r/(-2)). Let v(c) = -73 + 6*c**2 + 71 + 2*c - 2*c - 4*c**2. Calculate v(l).
16
Let q(p) = 375*p + 339. Let d(l) = 29*l + 26. Let u(k) = 27*d(k) - 2*q(k). Let n(y) = 2*y + 1. Let c(g) = -18*n(g) + u(g). What is c(5)?
-9
Suppose -3*o = 6, -5*k - 3*o + 134 = -0*k. Suppose -9*c + k = -26. Let d(l) = 3 - 1 + l**2 - 9*l + 1. Determine d(c).
-15
Let a(w) = -7*w**2 + 2*w - 1. Let j(r) = 2*r**3 - 6*r**2 + 10*r - 5. Let y(m) = m**3 - 3*m**2 + 5*m - 2. Let i(n) = 3*j(n) - 5*y(n). Let f be i(2). Give a(f).
-6
Let y(a) = 3*a - 12. Let o(s) = -51*s - 2793. Let t be o(-55). Determine y(t).
24
Let s(c) = -3*c**3. Let x = -673 + 172. Let z = 500 + x. Give s(z).
3
Let k(u) be the second derivative of -u**4/12 + 5*u**3/6 + 3*u**2/2 + 321*u + 2. Determine k(-3).
-21
Let k(b) = b**2 - 9. Let w(n) = -2*n**2 + 2*n + 18. Let r(t) = -5*k(t) - 3*w(t). Let x = -9 + 16. Determine r(x).
-2
Let h be (-2)/(-7)*112/16. Let k(t) = -79*t**3 + 78*t**3 + 1 - 9 - 7 - 11*t - 13*t**h. Determine k(-12).
-27
Let d(p) = -p**3 - 11*p**2 - 12*p - 11. Let r(j) = -j + 11. Let i(y) = -y + 10. Let o(m) = 5*i(m) - 4*r(m). Let x be o(16). Determine d(x).
9
Let j(p) = -32*p + 3. Let h(w) = -w + 1. Let m be 2/3 + (-6 - (-30)/9). Let u be 5*(56/(-20) - m). Let g(f) = u*h(f) + j(f). Determine g(-1).
27
Let m(b) = b**2 + 9*b - 10. Let z be m(-10). Let r(c) = z*c**2 - 49 - c**2 + 50 + 0*c**2 - 2*c. Suppose 7*t = 105 - 126. Determine r(t).
-2
Let d be (-126)/147 - 3074/7. Let j = -451 - d. Let v(c) = -c**2 - 11*c - 1. What is v(j)?
-1
Suppose 2*a = -p + 4*p + 13, 0 = -4*a + 2*p + 14. Suppose 0*j = -j + a. Let l(u) be the second derivative of -u**5/20 + u**4/3 + u**2 + 84*u. What is l(j)?
10
Suppose -2*p + 24*z - 28 = 20*z, 5*p + 4*z = 28. Let n(c) = 4*c**2 - c**3 - c + 3*c**2 + 23 - 6*c**2. What is n(p)?
23
Let j be ((-12)/(-5) - (-18)/585*-13)*6. Let y(m) be the third derivative of m**5/60 - 11*m**4/24 - 11*m**3/6 - 2*m**2. What is y(j)?
1
Let k(f) = -5*f + 25. Suppose -12*z + 32*z = -27*z + 423. Give k(z).
-20
Let x(r) = -74*r**3 + 89*r**2 + 226*r - 31. Let v(b) = -9*b**3 + 11*b**2 + 28*b - 4. Let t(f) = 33*v(f) - 4*x(f). Determine t(9).
10
Suppose -7*r + 8 = -55. Let t(j) = -1 - 18*j + 4*j + r*j. Calculate t(-2).
9
Suppose -5*c + 36 = -c. Let w(b) = -6*b**2 + c*b**2 + 16*b + 3 + 16 - 4*b**2. Let s be w(17). Let j(q) = q - 2. Determine j(s).
0
Let s(d) be the first derivative of -8*d**3/3 + 3*d**2/2 - 13*d - 1333. Calculate s(3).
-76
Let c = 451 - 447. Let z(v) = 5 - v**3 + 876*v**2 - 1750*v**2 + 879*v**2 - c*v. Give z(5).
-15
Let j(o) = 4*o - 1. Let g(s) = s**2 - s - 1. Let k(n) = -5*n**2 - 12*n + 18. Let a(p) = 6*g(p) + k(p). Let l(t) = -a(t) - 3*j(t). Give l(4).
-1
Suppose -8 = 4*y - 4*p, y - 1 = 6*p - 2*p. Let k be 4 + -6 - (y - (3 - 5)). Let r(x) = 15*x**3 + 2*x**2 + 2*x + 1. What is r(k)?
-14
Let t be 6 - ((-55)/44)/(2/8). Let v(b) = -3 - 5*b**2 + t*b + 7*b**2 - b**2 - 15*b. What is v(-2)?
9
Let v(h) be the third derivative of 1/12*h**5 + 2*h**2 + 0*h + 18 + 0*h**4 + 2/3*h**3 - 1/120*h**6. Give v(5).
4
Let l = -272771/12 + 22731. Let g(j) be the second derivative of -4 - 5/2*j**2 - 2*j**3 - 2*j + l*j**4. What is g(12)?
-5
Let x = -199 - -200. Let d(s) = -24*s**2 + 0 + x - 4733*s + 4731*s. Calculate d(1).
-25
Let l(c) = 2*c - 46. Let f be -20*3/(-12) + (-126)/(-14). Give l(f).
-18
Let o = 3890 - 3880. Let q(y) = y**3 - 8*y**2 - 18*y - 20. Determine q(o).
0
Let r be (-5 + (1 - -1))*2/(-3). Suppose -22 = -r*h - 10. Let k(i) be the third derivative of i**6/120 - 7*i**5/60 + i**4/4 + 24*i**2. Determine k(h).
0
Let y = 1768 - 1772. Let w(d) = 5*d**2 + 15*d + 4. Calculate w(y).
24
Let a(h) = h**2 - 23 + 3*h + 5*h**2 + 5 + 6 - 4*h**2. Determine a(3).
15
Let q(c) = -c**2 + 13*c - 29. Suppose -54 = -5*b - 4*v, -3*v + 4722 - 4704 = 0. Determine q(b).
13
Let l(q) = q**3 - q**2 - 7*q - 19. Let w(u) = -14*u + 46. Let o be w(3). Determine l(o).
1
Let z(j) = 3*j**2 - 3*j + 2 - 10*j**3 - 4*j**3 + 10*j**3 + 7*j**3. Calculate z(-3).
-43
Let o(n) = 2*n**3 + 6*n + 2 - 2*n**3 - n**3 + 5*n**2 + 0. Suppose -2*s - l = -11, -2*s - 14 = 2*l - 6*l. Suppose s*v = 7 + 11. Calculate o(v).
2
Let b = 685130 + -685131. Let v(y) = 7*y**2 + 4*y + 5. Let d(l) = 29*l**2 + 17*l + 21. Let h(n) = -2*d(n) + 9*v(n). Calculate h(b).
6
Let l = 48 - 32. Suppose -4*d - 6 = t - l, 0 = 3*t + 3*d - 12. Let m(c) = -9*c**2 - 14*c**3 - 6*c**3 - 2*c + c**2 - 1 + 6*c**t. What is m(-1)?
19
Let y(z) = -2*z**3 + 2*z - 2. Let w = 56 + -29. Suppose 2 = 28*t - w*t. Determine y(t).
-14
Let l = 31070 + -31077. Let m(f) = -f**3 + 4*f**2 + 71*f - 5. Give m(l).
37
Let b be 4*(-25)/(-45) + 4/(-18). Suppose -b*l = -j + 5 + 2, 0 = j - 4*l - 7. Let q(x) = -x**2 + j - 1 - 2*x**2 - 5. What is q(1)?
-2
Suppose 61*q - 20 = 146 + 261. Let k(l) = -15*l + 2*l**2 + 2 - 7 - 2 - 1. Calculate k(q).
-15
Let d be 4 + 1 - 4*2/4. Suppose -14 = -d*c - 5. Let f(y) = -5 - 5*y**2 + c*y + 5*y**2 + y - y**3 - 2*y**2. Give f(-4).
11
Suppose -8*w = -10*w + 12. Suppose 4*g = -3*k + 29, -k - 2*g = k - 22. Let b(z) = z**2 - k - 19 + 30 - 4*z. Determine b(w).
8
Let y(o) be the first derivative of 2*o**2 + 25 - 5/3*o**3 + 3*o + 1/4*o**4. What is y(4)?
3
Let s(w) = 3*w**2 + 1437*w - w**3 + 2*w**3 + 9 - 1444*w. Let b be s(-5). Let z(v) = v**3 + 6*v**2 + 2*v + 1. What is z(b)?
-11
Let f(q) be the third derivative of q**5/60 - q**4/12 + 4*q**3/3 - 17*q**2. Let x(j) = -3*j**2 + 2*j - 15. Let k(h) = -5*f(h) - 2*x(h). What is k(-7)?
-3
Let f(b) = -4*b + 5. Let t(j) = -2*j**3 + 7*j**2 + 9*j - 16. Let z be t(4). Suppose 5*d + 45 = z*c, -d - 4*c + 8*c - 25 = 0. Give f(d).
25
Suppose -29 + 4 = -5*l. Let s(j) = -j**2 + 14*j + 18. Let k be s(15). Let n(p) = -15*p - 2*p**2 - 4 + 7*p - 2 + k*p**2. What is n(l)?
-21
Let l(u) = 3*u**3 - 2*u - 1. Let g 